{"id":110,"date":"2025-03-12T13:46:56","date_gmt":"2025-03-12T13:46:56","guid":{"rendered":"https:\/\/fv.pma-shop.de\/?post_type=product&#038;p=110"},"modified":"2025-03-24T16:17:30","modified_gmt":"2025-03-24T15:17:30","slug":"bodywarmer","status":"publish","type":"product","link":"https:\/\/fv.pma-shop.de\/index.php\/produkt\/bodywarmer\/","title":{"rendered":"Bodywarmer"},"content":{"rendered":"<p>funktionale Weste mit Vereinswappen auf der Vorderseite und Vereinsnamen auf dem R\u00fccken \u2013 perfekt f\u00fcr Mitglieder, die Stil und Vereinsgeist zeigen m\u00f6chten!<\/p>\n","protected":false},"excerpt":{"rendered":"<table class=\"attributes table table-striped table-hover\">\n<tbody>\n<tr>\n<th>Materialzusammensetzung<\/th>\n<td>100% Polyester<\/td>\n<\/tr>\n<tr>\n<th>Polybeutel<\/th>\n<td>Einzeln<\/td>\n<\/tr>\n<tr>\n<th>Farbigkeit<\/th>\n<td>1-farbig<\/td>\n<\/tr>\n<tr>\n<th>Westen (Art)<\/th>\n<td>Workwear<\/td>\n<\/tr>\n<tr>\n<th>Veredelungszugang<\/th>\n<td>Veredelungszugang Brust<br \/>\nVeredelungszugang R\u00fccken<\/td>\n<\/tr>\n<tr>\n<th>Funktion<\/th>\n<td>Wasserabweisend<br \/>\nWinddicht<\/td>\n<\/tr>\n<tr>\n<th>Label<\/th>\n<td>Heraustrennbares Label<\/td>\n<\/tr>\n<tr>\n<th>Pflegehinweis<\/th>\n<td>40 \u00b0C waschbar<\/td>\n<\/tr>\n<tr>\n<th>Passform<\/th>\n<td>Regular (normal geschnitten)<br \/>\nl\u00e4ngeres R\u00fcckenteil<\/td>\n<\/tr>\n<tr>\n<th>Gr\u00f6\u00dfenlauf<\/th>\n<td>S, M, L, XL, XXL, 3XL<\/td>\n<\/tr>\n<\/tbody>\n<\/table>\n","protected":false},"featured_media":117,"comment_status":"open","ping_status":"closed","template":"","meta":[],"product_brand":[],"product_cat":[35],"product_tag":[],"class_list":{"0":"post-110","1":"product","2":"type-product","3":"status-publish","4":"has-post-thumbnail","6":"product_cat-merch","7":"product_shipping_class-paket","9":"first","10":"instock","11":"taxable","12":"shipping-taxable","13":"purchasable","14":"product-type-variable"},"yoast_head":"<!-- This site is optimized with the Yoast SEO plugin v27.0 - https:\/\/yoast.com\/product\/yoast-seo-wordpress\/ -->\n<title>Bodywarmer - Merch-Shop Fischereiverein Schaumburg-Lippe e.V..<\/title>\n<meta name=\"robots\" content=\"index, follow, max-snippet:-1, max-image-preview:large, max-video-preview:-1\" \/>\n<link rel=\"canonical\" href=\"https:\/\/fv.pma-shop.de\/index.php\/produkt\/bodywarmer\/\" \/>\n<meta property=\"og:locale\" content=\"de_DE\" \/>\n<meta property=\"og:type\" content=\"article\" \/>\n<meta property=\"og:title\" content=\"Bodywarmer - Merch-Shop Fischereiverein Schaumburg-Lippe e.V..\" \/>\n<meta property=\"og:description\" content=\"Materialzusammensetzung 100% Polyester   Polybeutel Einzeln   Farbigkeit 1-farbig   Westen (Art) Workwear   Veredelungszugang Veredelungszugang Brust Veredelungszugang R\u00fccken   Funktion Wasserabweisend Winddicht   Label Heraustrennbares Label   Pflegehinweis 40 \u00b0C waschbar   Passform Regular (normal geschnitten) l\u00e4ngeres R\u00fcckenteil   Gr\u00f6\u00dfenlauf S, M, L, XL, XXL, 3XL\" \/>\n<meta property=\"og:url\" content=\"https:\/\/fv.pma-shop.de\/index.php\/produkt\/bodywarmer\/\" \/>\n<meta property=\"og:site_name\" content=\"Merch-Shop Fischereiverein Schaumburg-Lippe e.V..\" \/>\n<meta property=\"article:modified_time\" content=\"2025-03-24T15:17:30+00:00\" \/>\n<meta property=\"og:image\" content=\"https:\/\/fv.pma-shop.de\/wp-content\/uploads\/2025\/03\/Weste_schwarz.jpg\" \/>\n\t<meta property=\"og:image:width\" content=\"800\" \/>\n\t<meta property=\"og:image:height\" content=\"1029\" \/>\n\t<meta property=\"og:image:type\" content=\"image\/jpeg\" \/>\n<meta name=\"twitter:card\" content=\"summary_large_image\" \/>\n<meta name=\"twitter:label1\" content=\"Gesch\u00e4tzte Lesezeit\" \/>\n\t<meta name=\"twitter:data1\" content=\"1\u00a0Minute\" \/>\n<script type=\"application\/ld+json\" class=\"yoast-schema-graph\">{\"@context\":\"https:\/\/schema.org\",\"@graph\":[{\"@type\":\"WebPage\",\"@id\":\"https:\/\/fv.pma-shop.de\/index.php\/produkt\/bodywarmer\/\",\"url\":\"https:\/\/fv.pma-shop.de\/index.php\/produkt\/bodywarmer\/\",\"name\":\"Bodywarmer - Merch-Shop Fischereiverein Schaumburg-Lippe e.V..\",\"isPartOf\":{\"@id\":\"https:\/\/fv.pma-shop.de\/#website\"},\"primaryImageOfPage\":{\"@id\":\"https:\/\/fv.pma-shop.de\/index.php\/produkt\/bodywarmer\/#primaryimage\"},\"image\":{\"@id\":\"https:\/\/fv.pma-shop.de\/index.php\/produkt\/bodywarmer\/#primaryimage\"},\"thumbnailUrl\":\"https:\/\/fv.pma-shop.de\/wp-content\/uploads\/2025\/03\/Weste_schwarz.jpg\",\"datePublished\":\"2025-03-12T13:46:56+00:00\",\"dateModified\":\"2025-03-24T15:17:30+00:00\",\"breadcrumb\":{\"@id\":\"https:\/\/fv.pma-shop.de\/index.php\/produkt\/bodywarmer\/#breadcrumb\"},\"inLanguage\":\"de\",\"potentialAction\":[{\"@type\":\"ReadAction\",\"target\":[\"https:\/\/fv.pma-shop.de\/index.php\/produkt\/bodywarmer\/\"]}]},{\"@type\":\"ImageObject\",\"inLanguage\":\"de\",\"@id\":\"https:\/\/fv.pma-shop.de\/index.php\/produkt\/bodywarmer\/#primaryimage\",\"url\":\"https:\/\/fv.pma-shop.de\/wp-content\/uploads\/2025\/03\/Weste_schwarz.jpg\",\"contentUrl\":\"https:\/\/fv.pma-shop.de\/wp-content\/uploads\/2025\/03\/Weste_schwarz.jpg\",\"width\":800,\"height\":1029},{\"@type\":\"BreadcrumbList\",\"@id\":\"https:\/\/fv.pma-shop.de\/index.php\/produkt\/bodywarmer\/#breadcrumb\",\"itemListElement\":[{\"@type\":\"ListItem\",\"position\":1,\"name\":\"Startseite\",\"item\":\"https:\/\/fv.pma-shop.de\/\"},{\"@type\":\"ListItem\",\"position\":2,\"name\":\"Shop\",\"item\":\"https:\/\/fv.pma-shop.de\/index.php\/shop-2\/\"},{\"@type\":\"ListItem\",\"position\":3,\"name\":\"Bodywarmer\"}]},{\"@type\":\"WebSite\",\"@id\":\"https:\/\/fv.pma-shop.de\/#website\",\"url\":\"https:\/\/fv.pma-shop.de\/\",\"name\":\"Merch-Shop Fischereiverein Schaumburg-Lippe e.V..\",\"description\":\"\",\"publisher\":{\"@id\":\"https:\/\/fv.pma-shop.de\/#organization\"},\"potentialAction\":[{\"@type\":\"SearchAction\",\"target\":{\"@type\":\"EntryPoint\",\"urlTemplate\":\"https:\/\/fv.pma-shop.de\/?s={search_term_string}\"},\"query-input\":{\"@type\":\"PropertyValueSpecification\",\"valueRequired\":true,\"valueName\":\"search_term_string\"}}],\"inLanguage\":\"de\"},{\"@type\":\"Organization\",\"@id\":\"https:\/\/fv.pma-shop.de\/#organization\",\"name\":\"Merch-Shop Fischereiverein Schaumburg-Lippe e.V..\",\"url\":\"https:\/\/fv.pma-shop.de\/\",\"logo\":{\"@type\":\"ImageObject\",\"inLanguage\":\"de\",\"@id\":\"https:\/\/fv.pma-shop.de\/#\/schema\/logo\/image\/\",\"url\":\"https:\/\/fv.pma-shop.de\/wp-content\/uploads\/2025\/03\/logo-fv-1-1-edited.png\",\"contentUrl\":\"https:\/\/fv.pma-shop.de\/wp-content\/uploads\/2025\/03\/logo-fv-1-1-edited.png\",\"width\":744,\"height\":744,\"caption\":\"Merch-Shop Fischereiverein Schaumburg-Lippe e.V..\"},\"image\":{\"@id\":\"https:\/\/fv.pma-shop.de\/#\/schema\/logo\/image\/\"}}]}<\/script>\n<!-- \/ Yoast SEO plugin. -->","yoast_head_json":{"title":"Bodywarmer - Merch-Shop Fischereiverein Schaumburg-Lippe e.V..","robots":{"index":"index","follow":"follow","max-snippet":"max-snippet:-1","max-image-preview":"max-image-preview:large","max-video-preview":"max-video-preview:-1"},"canonical":"https:\/\/fv.pma-shop.de\/index.php\/produkt\/bodywarmer\/","og_locale":"de_DE","og_type":"article","og_title":"Bodywarmer - Merch-Shop Fischereiverein Schaumburg-Lippe e.V..","og_description":"Materialzusammensetzung 100% Polyester   Polybeutel Einzeln   Farbigkeit 1-farbig   Westen (Art) Workwear   Veredelungszugang Veredelungszugang Brust Veredelungszugang R\u00fccken   Funktion Wasserabweisend Winddicht   Label Heraustrennbares Label   Pflegehinweis 40 \u00b0C waschbar   Passform Regular (normal geschnitten) l\u00e4ngeres R\u00fcckenteil   Gr\u00f6\u00dfenlauf S, M, L, XL, XXL, 3XL","og_url":"https:\/\/fv.pma-shop.de\/index.php\/produkt\/bodywarmer\/","og_site_name":"Merch-Shop Fischereiverein Schaumburg-Lippe e.V..","article_modified_time":"2025-03-24T15:17:30+00:00","og_image":[{"width":800,"height":1029,"url":"https:\/\/fv.pma-shop.de\/wp-content\/uploads\/2025\/03\/Weste_schwarz.jpg","type":"image\/jpeg"}],"twitter_card":"summary_large_image","twitter_misc":{"Gesch\u00e4tzte Lesezeit":"1\u00a0Minute"},"schema":{"@context":"https:\/\/schema.org","@graph":[{"@type":"WebPage","@id":"https:\/\/fv.pma-shop.de\/index.php\/produkt\/bodywarmer\/","url":"https:\/\/fv.pma-shop.de\/index.php\/produkt\/bodywarmer\/","name":"Bodywarmer - Merch-Shop Fischereiverein Schaumburg-Lippe e.V..","isPartOf":{"@id":"https:\/\/fv.pma-shop.de\/#website"},"primaryImageOfPage":{"@id":"https:\/\/fv.pma-shop.de\/index.php\/produkt\/bodywarmer\/#primaryimage"},"image":{"@id":"https:\/\/fv.pma-shop.de\/index.php\/produkt\/bodywarmer\/#primaryimage"},"thumbnailUrl":"https:\/\/fv.pma-shop.de\/wp-content\/uploads\/2025\/03\/Weste_schwarz.jpg","datePublished":"2025-03-12T13:46:56+00:00","dateModified":"2025-03-24T15:17:30+00:00","breadcrumb":{"@id":"https:\/\/fv.pma-shop.de\/index.php\/produkt\/bodywarmer\/#breadcrumb"},"inLanguage":"de","potentialAction":[{"@type":"ReadAction","target":["https:\/\/fv.pma-shop.de\/index.php\/produkt\/bodywarmer\/"]}]},{"@type":"ImageObject","inLanguage":"de","@id":"https:\/\/fv.pma-shop.de\/index.php\/produkt\/bodywarmer\/#primaryimage","url":"https:\/\/fv.pma-shop.de\/wp-content\/uploads\/2025\/03\/Weste_schwarz.jpg","contentUrl":"https:\/\/fv.pma-shop.de\/wp-content\/uploads\/2025\/03\/Weste_schwarz.jpg","width":800,"height":1029},{"@type":"BreadcrumbList","@id":"https:\/\/fv.pma-shop.de\/index.php\/produkt\/bodywarmer\/#breadcrumb","itemListElement":[{"@type":"ListItem","position":1,"name":"Startseite","item":"https:\/\/fv.pma-shop.de\/"},{"@type":"ListItem","position":2,"name":"Shop","item":"https:\/\/fv.pma-shop.de\/index.php\/shop-2\/"},{"@type":"ListItem","position":3,"name":"Bodywarmer"}]},{"@type":"WebSite","@id":"https:\/\/fv.pma-shop.de\/#website","url":"https:\/\/fv.pma-shop.de\/","name":"Merch-Shop Fischereiverein Schaumburg-Lippe e.V..","description":"","publisher":{"@id":"https:\/\/fv.pma-shop.de\/#organization"},"potentialAction":[{"@type":"SearchAction","target":{"@type":"EntryPoint","urlTemplate":"https:\/\/fv.pma-shop.de\/?s={search_term_string}"},"query-input":{"@type":"PropertyValueSpecification","valueRequired":true,"valueName":"search_term_string"}}],"inLanguage":"de"},{"@type":"Organization","@id":"https:\/\/fv.pma-shop.de\/#organization","name":"Merch-Shop Fischereiverein Schaumburg-Lippe e.V..","url":"https:\/\/fv.pma-shop.de\/","logo":{"@type":"ImageObject","inLanguage":"de","@id":"https:\/\/fv.pma-shop.de\/#\/schema\/logo\/image\/","url":"https:\/\/fv.pma-shop.de\/wp-content\/uploads\/2025\/03\/logo-fv-1-1-edited.png","contentUrl":"https:\/\/fv.pma-shop.de\/wp-content\/uploads\/2025\/03\/logo-fv-1-1-edited.png","width":744,"height":744,"caption":"Merch-Shop Fischereiverein Schaumburg-Lippe e.V.."},"image":{"@id":"https:\/\/fv.pma-shop.de\/#\/schema\/logo\/image\/"}}]}},"jetpack_sharing_enabled":true,"_links":{"self":[{"href":"https:\/\/fv.pma-shop.de\/index.php\/wp-json\/wp\/v2\/product\/110","targetHints":{"allow":["GET"]}}],"collection":[{"href":"https:\/\/fv.pma-shop.de\/index.php\/wp-json\/wp\/v2\/product"}],"about":[{"href":"https:\/\/fv.pma-shop.de\/index.php\/wp-json\/wp\/v2\/types\/product"}],"replies":[{"embeddable":true,"href":"https:\/\/fv.pma-shop.de\/index.php\/wp-json\/wp\/v2\/comments?post=110"}],"wp:featuredmedia":[{"embeddable":true,"href":"https:\/\/fv.pma-shop.de\/index.php\/wp-json\/wp\/v2\/media\/117"}],"wp:attachment":[{"href":"https:\/\/fv.pma-shop.de\/index.php\/wp-json\/wp\/v2\/media?parent=110"}],"wp:term":[{"taxonomy":"product_brand","embeddable":true,"href":"https:\/\/fv.pma-shop.de\/index.php\/wp-json\/wp\/v2\/product_brand?post=110"},{"taxonomy":"product_cat","embeddable":true,"href":"https:\/\/fv.pma-shop.de\/index.php\/wp-json\/wp\/v2\/product_cat?post=110"},{"taxonomy":"product_tag","embeddable":true,"href":"https:\/\/fv.pma-shop.de\/index.php\/wp-json\/wp\/v2\/product_tag?post=110"}],"curies":[{"name":"wp","href":"https:\/\/api.w.org\/{rel}","templated":true}]}}